 number?
False
Is 3015633113 a composite number?
False
Is 1683108127 a prime number?
True
Is 18554694311 a prime number?
True
Is 5310881189 composite?
False
Is 2416889137 a composite number?
True
Is 6023071369 a prime number?
False
Is 4177882277 a composite number?
True
Is 6324072659 prime?
False
Is 319128749 prime?
False
Is 6448068167 prime?
False
Is 4278999973 composite?
True
Is 6785324929 a composite number?
False
Is 3046315189 prime?
False
Is 83861033 composite?
True
Is 6847260961 prime?
False
Is 5104267081 prime?
True
Is 8925702629 a prime number?
True
Is 7551770249 composite?
False
Is 15685696657 prime?
True
Is 14804425481 a prime number?
True
Is 60024713 composite?
True
Is 1691553079 a prime number?
False
Is 2511428939 prime?
True
Is 175518293 a composite number?
False
Is 375986861 composite?
False
Is 3561516181 a composite number?
True
Is 73312739 composite?
False
Is 969131263 a composite number?
False
Is 947394709 a prime number?
True
Is 958097929 a prime number?
False
Is 20721843341 prime?
True
Is 11417476423 composite?
False
Is 210097403 prime?
True
Is 3703115893 composite?
False
Is 1214086693 a prime number?
True
Is 351592751 prime?
False
Is 16241673961 a composite number?
False
Is 2340107557 prime?
False
Is 629502442 prime?
False
Is 3248514427 a composite number?
True
Is 36929737489 composite?
True
Is 4648511911 a prime number?
True
Is 592220458 composite?
True
Is 1908829859 a composite number?
False
Is 27732199013 a composite number?
False
Is 8784540697 prime?
False
Is 149092912957 prime?
True
Is 58446079 a prime number?
True
Is 21613338053 a prime number?
False
Is 5090768239 a prime number?
False
Is 73553863 a prime number?
True
Is 16522549081 prime?
True
Is 3741046957 a composite number?
False
Is 219510038533 prime?
True
Is 3353856977 prime?
True
Is 5070627197 a composite number?
False
Is 1235572021 a composite number?
True
Is 105796122907 composite?
False
Is 1123313297 composite?
True
Is 19965456317 a prime number?
False
Is 36412104943 a prime number?
False
Is 15640679 a composite number?
True
Is 3476836723 prime?
False
Is 71328342037 composite?
True
Is 206464087 prime?
True
Is 1459208383 prime?
False
Is 124198543 a prime number?
False
Is 20330417 a composite number?
True
Is 28909317181 a composite number?
False
Is 5300596789 a prime number?
False
Is 1293194599 a composite number?
True
Is 5830356583 a prime number?
False
Is 33158663557 a composite number?
True
Is 170279233 prime?
False
Is 3357579101 a composite number?
True
Is 381428439329 a prime number?
False
Is 615399241 composite?
False
Is 8087749594 prime?
False
Is 1115712953 prime?
True
Is 144921143597 a prime number?
True
Is 138659749 a prime number?
True
Is 2129824091 prime?
False
Is 18707140553 a composite number?
False
Is 28850466923 prime?
False
Is 319253707 prime?
True
Is 291528581 prime?
False
Is 915937233 a composite number?
True
Is 8283931 a composite number?
True
Is 176107055363 a composite number?
False
Is 11928709703 prime?
True
Is 253355357 a prime number?
True
Is 207494797 composite?
True
Is 7103150009 a prime number?
True
Is 5518765873 composite?
False
Is 7379381377 composite?
False
Is 41053615 prime?
False
Is 75643783 prime?
False
Is 31450780087 composite?
True
Is 44131571647 a prime number?
False
Is 1764906587 composite?
True
Is 11131577643 composite?
True
Is 4534424819 composite?
False
Is 43727577143 prime?
True
Is 3275301353 a composite number?
True
Is 167555952205 a prime number?
False
Is 220423433 composite?
True
Is 18791132251 prime?
True
Is 110559661 composite?
False
Is 474991627 a prime number?
False
Is 2014608161 prime?
True
Is 330020153 a prime number?
False
Is 319459403 a prime number?
True
Is 1351949 a composite number?
False
Is 1201470943 a composite number?
True
Is 810350419 composite?
True
Is 8654922253 a composite number?
False
Is 358595213 a composite number?
False
Is 4713834089 a composite number?
True
Is 603506023 a composite number?
False
Is 7570461209 a composite number?
True
Is 620452697 prime?
True
Is 24118910069 composite?
False
Is 1879895993 prime?
True
Is 2895468491 a prime number?
True
Is 1051411763 a prime number?
True
Is 310078798093 composite?
True
Is 25317175301 composite?
True
Is 1891351201 a composite number?
True
Is 1216151 composite?
False
Is 6086869961 composite?
False
Is 4711149829 a composite number?
False
Is 2608019563 composite?
True
Is 115310971 a composite number?
False
Is 1847692807 a prime number?
True
Is 53382164171 a composite number?
True
Is 48017527 a composite number?
True
Is 1063559089 a composite number?
False
Is 122845821499 prime?
True
Is 158302789 a composite number?
False
Is 2426009491 composite?
False
Is 5781405473 a prime number?
False
Is 9805977931 composite?
False
Is 9268537169 prime?
False
Is 14968614553 a composite number?
False
Is 2099131289 composite?
False
Is 4912969641 prime?
False
Is 1727428979 a prime number?
True
Is 39226957201 a prime number?
True
Is 9615310897 a prime number?
True
Is 2134081511 composite?
False
Is 181699241 composite?
True
Is 25903832323 prime?
True
Is 6807566803 composite?
True
Is 375231213127 composite?
False
Is 923496319 prime?
True
Is 213802614643 a composite number?
False
Is 33977699687 a composite number?
True
Is 148701976727 a composite number?
False
Is 333953509 prime?
True
Is 1096677557 prime?
True
Is 60598913 a prime number?
False
Is 11312930579 composite?
True
Is 58486242359 a composite number?
True
Is 639576901 composite?
False
Is 7834308683 composite?
False
Is 49873394185 a prime number?
False
Is 1660513409 a composite number?
True
Is 46456474969 a composite number?
False
Is 3588456073 a prime number?
False
Is 2498059709 prime?
True
Is 10886376766 a composite number?
True
Is 2612616613 a prime number?
False
Is 7363387993 prime?
False
Is 23749027811 a composite number?
False
Is 2972326163 a prime number?
False
Is 1452521423 a prime number?
False
Is 5697459983 composite?
False
Is 1564041839 composite?
True
Is 62388773 composite?
True
Is 7579336657 prime?
False
Is 19851058169 prime?
True
Is 5069509409 a prime number?
True
Is 91416641269 a prime number?
True
Is 41257801301 a composite number?
False
Is 90789809401 composite?
False
Is 123770633731 prime?
False
Is 29227843901 a composite number?
True
Is 831865481 a composite number?
False
Is 12516028871 composite?
True
Is 571559993 composite?
False
Is 1149980869 prime?
True
Is 461089423 a composite number?
True
Is 7203641729 prime?
True
Is 172978651 a composite number?
False
Is 22240519811 a prime number?
True
Is 15868443007 composite?
True
Is 861788303 prime?
False
Is 14836209589 composite?
False
Is 7875243179 a prime number?
True
Is 4729283245 composite?
True
Is 18908528929 a prime number?
True
Is 81616081 a composite number?
True
Is 2780126753 a composite number?
False
Is 15783963729 a prime number?
False
Is 1196277185 a prime number?
False
Is 13592670343 composite?
True
Is 267184739 composite?
False
Is 3089040037 composite?
True
Is 1846933831 a composite number?
True
Is 4991854235 a composite number?
True
Is 32017676291 composite?
True
Is 31537345253 a prime number?
True
Is 108196219 prime?
True
Is 12593993 composite?
True
Is 627402613 a composite number?
False
Is 741224161 composite?
True
Is 108303179459 a composite number?
True
Is 1655993233 a prime number?
True
Is 1111069879 composite?
False
Is 8576598839 a composite number?
False
Is 19567197961 composite?
False
Is 5830766687 a composite number?
False
Is 1189225399 a prime number?
False
Is 17545864045 composite?
True
Is 18904972631 composite?
True
Is 12839771947 a prime number?
True
Is 675609089 composite?
False
Is 6938869829 composite?
True
Is 3205722469 a composite number?
False
Is 5483125861 a composite number?
True
Is 96581473657 a composite number?
True
Is 116762857 a composite number?
False
Is 1319162323 a prime number?
True
Is 63363891827 prime?
True
Is 16120825843 prime?
True
Is 1005576839 a composite number?
False
Is 15786339419 prime?
True
Is 1206119039 prime?
False
Is 161589187 a prime number?
True
Is 6394064827 composite?
True
Is 161841396847 prime?
False
Is 2889428149 a prime number?
True
Is 40110366179 composite?
True
Is 3938875823 prime?
True
Is 1929944867 a composite number?
True
Is 157585933 a prime number?
False
Is 86517458317 composi